ed by 36?
34
Calculate the remainder when 48 is divided by 28.
20
What is the remainder when 2164 is divided by 156?
136
Calculate the remainder when 435 is divided by 202.
31
Calculate the remainder when 220 is divided by 76.
68
What is the remainder when 26 is divided by 6?
2
What is the remainder when 139 is divided by 31?
15
Calculate the remainder when 720 is divided by 36.
0
Calculate the remainder when 82 is divided by 23.
13
Calculate the remainder when 205 is divided by 14.
9
What is the remainder when 246 is divided by 7?
1
What is the remainder when 406 is divided by 28?
14
What is the remainder when 258 is divided by 10?
8
Calculate the remainder when 93 is divided by 80.
13
Calculate the remainder when 160 is divided by 46.
22
Calculate the remainder when 334 is divided by 69.
58
Calculate the remainder when 936 is divided by 157.
151
What is the remainder when 1436 is divided by 45?
41
What is the remainder when 474 is divided by 81?
69
What is the remainder when 1073 is divided by 43?
41
What is the remainder when 2099 is divided by 27?
20
What is the remainder when 61 is divided by 25?
11
What is the remainder when 3215 is divided by 67?
66
What is the remainder when 706 is divided by 202?
100
What is the remainder when 246 is divided by 12?
6
What is the remainder when 2921 is divided by 13?
9
What is the remainder when 538 is divided by 26?
18
What is the remainder when 23209 is divided by 110?
109
What is the remainder when 1099 is divided by 22?
21
What is the remainder when 206 is divided by 11?
8
What is the remainder when 1882 is divided by 322?
272
Calculate the remainder when 407 is divided by 139.
129
Calculate the remainder when 12708 is divided by 57.
54
Calculate the remainder when 884 is divided by 198.
92
What is the remainder when 436 is divided by 101?
32
Calculate the remainder when 2045 is divided by 259.
232
Calculate the remainder when 141 is divided by 38.
27
Calculate the remainder when 898 is divided by 17.
14
What is the remainder when 37 is divided by 9?
1
Calculate the remainder when 239 is divided by 116.
7
What is the remainder when 607 is divided by 75?
7
What is the remainder when 650 is divided by 30?
20
What is the remainder when 95 is divided by 10?
5
Calculate the remainder when 16 is divided by 11.
5
Calculate the remainder when 172 is divided by 2.
0
Calculate the remainder when 470 is divided by 92.
10
What is the remainder when 9437 is divided by 133?
127
Calculate the remainder when 3620 is divided by 129.
8
Calculate the remainder when 868 is divided by 129.
94
What is the remainder when 328 is divided by 48?
40
Calculate the remainder when 134 is divided by 61.
12
What is the remainder when 5709 is divided by 16?
13
Calculate the remainder when 51 is divided by 6.
3
Calculate the remainder when 112 is divided by 19.
17
What is the remainder when 15324 is divided by 15?
9
Calculate the remainder when 184 is divided by 44.
8
Calculate the remainder when 2715 is divided by 9.
6
What is the remainder when 112 is divided by 38?
36
Calculate the remainder when 1362 is divided by 7.
4
What is the remainder when 172 is divided by 38?
20
What is the remainder when 1540 is divided by 62?
52
What is the remainder when 722 is divided by 360?
2
Calculate the remainder when 119 is divided by 60.
59
Calculate the remainder when 362 is divided by 23.
17
Calculate the remainder when 443 is divided by 28.
23
Calculate the remainder when 178 is divided by 5.
3
What is the remainder when 438 is divided by 11?
9
What is the remainder when 492 is divided by 136?
84
What is the remainder when 329 is divided by 9?
5
Calculate the remainder when 336 is divided by 117.
102
What is the remainder when 1038 is divided by 209?
202
What is the remainder when 764 is divided by 14?
8
Calculate the remainder when 231 is divided by 56.
7
What is the remainder when 2582 is divided by 76?
74
What is the remainder when 44 is divided by 12?
8
What is the remainder when 305 is divided by 72?
17
Calculate the remainder when 89 is divided by 25.
14
What is the remainder when 1315 is divided by 308?
83
What is the remainder when 23287 is divided by 17?
14
Calculate the remainder when 69 is divided by 7.
6
Calculate the remainder when 461 is divided by 18.
11
Calculate the remainder when 5985 is divided by 68.
1
Calculate the remainder when 60296 is divided by 7.
5
What is the remainder when 312 is divided by 11?
4
Calculate the remainder when 103 is divided by 15.
13
What is the remainder when 45528 is divided by 11?
10
What is the remainder when 1859 is divided by 37?
9
Calculate the remainder when 15474 is divided by 77.
74
Calculate the remainder when 431 is divided by 76.
51
What is the remainder when 486 is divided by 35?
31
Calculate the remainder when 16066 is divided by 13.
11
What is the remainder when 1035 is divided by 28?
27
What is the remainder when 1549 is divided by 512?
13
Calculate the remainder when 24 is divided by 2.
0
Calculate the remainder when 3770 is divided by 102.
98
What is the remainder when 181 is divided by 23?
20
What is the remainder when 267 is divided by 13?
7
What is the remainder when 1273 is divided by 11?
8
Calculate the remainder when 389 is divided by 101.
86
What is the remainder when 5150 is divided by 191?
184
What is the remainder when 571 is divided by 82?
79
What is the remainder when 2119 is divided by 20?
19
What is the remainder when 600 is divided by 163?
111
What is the remainder when 115 is divided by 7?
3
Calculate the remainder when 65 is divided by 47.
18
Calculate the remainder when 42 is divided by 22.
20
Calculate the remainder when 1028 is divided by 7.
6
Calculate the remainder when 674 is divided by 13.
11
Calculate the remainder when 7150 is divided by 12.
10
Calculate the remainder when 165 is divided by 83.
82
Calculate the remainder when 2197 is divided by 58.
51
Calculate the remainder when 1290 is divided by 19.
17
Calculate the remainder when 592 is divided by 66.
64
What is the remainder when 1587 is divided by 789?
9
What is the remainder when 437 is divided by 204?
29
What is the remainder when 1699 is divided by 10?
9
Calculate the remainder when 1227 is divided by 30.
27
Calculate the remainder when 169 is divided by 34.
33
What is the remainder when 7679 is divided by 29?
23
Calculate the remainder when 933 is divided by 194.
157
What is the remainder when 683 is divided by 38?
37
What is the remainder when 1177 is divided by 170?
157
Calculate the remainder when 826 is divided by 406.
14
What is the remainder when 972 is divided by 200?
172
What is the remainder when 173 is divided by 6?
5
Calculate the remainder when 387 is divided by 116.
39
Calculate the remainder when 36 is divided by 15.
6
What is the remainder when 39 is divided by 21?
18
What is the remainder when 180 is divided by 30?
0
What is the remainder when 689 is divided by 220?
29
Calculate the remainder when 60 is divided by 13.
8
Calculate the remainder when 7422 is divided by 21.
9
Calculate the remainder when 190 is divided by 93.
4
Calculate the remainder when 1677 is divided by 73.
71
Calculate the remainder when 2462 is divided by 91.
5
Calculate the remainder when 870 is divided by 175.
170
What is the remainder when 203 is divided by 9?
5
What is the remainder when 4968 is divided by 35?
33
What is the remainder when 2786 is divided by 695?
6
Calculate the remainder when 854 is divided by 107.
105
Calculate the remainder when 61 is divided by 17.
10
Calculate the remainder when 4380 is divided by 231.
222
What is the remainder when 4067 is divided by 55?
52
Calculate the remainder when 103 is divided by 22.
15
Calculate the remainder when 973 is divided by 963.
10
Calculate the remainder when 148 is divided by 104.
44
What is the remainder when 92 is divided by 14?
8
What is the remainder when 91 is divided by 40?
11
Calculate the remainder when 1231 is divided by 137.
135
What is the remainder when 10106 is divided by 15?
11
Calculate the remainder when 568 is divided by 19.
17
Calculate the remainder when 220 is divided by 35.
10
Calculate the remainder when 186 is divided by 43.
14
What is the remainder when 469 is divided by 77?
7
What is the remainder when 159 is divid